{"id":147,"date":"2025-01-11T15:26:28","date_gmt":"2025-01-11T15:26:28","guid":{"rendered":"https:\/\/location-loge.fr\/blog\/?page_id=147"},"modified":"2025-01-11T15:26:28","modified_gmt":"2025-01-11T15:26:28","slug":"livraison-et-installation","status":"publish","type":"page","link":"https:\/\/location-loge.fr\/blog\/index.php\/livraison-et-installation\/","title":{"rendered":"Livraison et installation"},"content":{"rendered":"\n<h3 class=\"wp-block-heading\">Livraison et Installation de nos Loges Mobiles<\/h3>\n\n\n\n<p>Nous comprenons qu\u2019une installation rapide et professionnelle est essentielle pour le bon d\u00e9roulement de votre \u00e9v\u00e9nement. C\u2019est pourquoi <strong>Location-Loge PROD19<\/strong> prend en charge l&rsquo;int\u00e9gralit\u00e9 de la livraison et de l&rsquo;installation de nos loges mobiles.<\/p>\n\n\n\n<p><\/p>\n\n\n\n<h4 class=\"wp-block-heading\"><strong>Ce que nous offrons :<\/strong><\/h4>\n\n\n\n<ul class=\"wp-block-list\">\n<li><strong>Livraison :<\/strong> Nous livrons nos loges \u00e0 votre emplacement partout en France (et \u00e0 l\u2019international sur demande). Nous nous occupons de la gestion logistique pour que vous n&rsquo;ayez \u00e0 vous soucier de rien.<\/li>\n\n\n\n<li><strong>Installation rapide :<\/strong> Nos \u00e9quipes sont form\u00e9es pour installer vos loges dans les plus brefs d\u00e9lais, en veillant \u00e0 ce que tout soit fonctionnel et s\u00e9curis\u00e9.<\/li>\n\n\n\n<li><strong>D\u00e9montage inclus :<\/strong> Une fois l&rsquo;\u00e9v\u00e9nement termin\u00e9, nos \u00e9quipes se chargent du d\u00e9montage et du retrait de nos loges.<\/li>\n<\/ul>\n\n\n\n<p><\/p>\n\n\n\n<h4 class=\"wp-block-heading\"><strong>Processus d&rsquo;installation :<\/strong><\/h4>\n\n\n\n<ol class=\"wp-block-list\">\n<li><strong>R\u00e9servation de la loge :<\/strong> Une fois votre r\u00e9servation confirm\u00e9e, nous planifions la livraison.<\/li>\n\n\n\n<li><strong>Pr\u00e9paration de l\u2019emplacement :<\/strong> Nous vous fournissons des instructions sur la pr\u00e9paration de l&#8217;emplacement, si n\u00e9cessaire (en particulier pour les \u00e9v\u00e9nements en ext\u00e9rieur).<\/li>\n\n\n\n<li><strong>Installation des loges :<\/strong> Nos techniciens installent et testent l\u2019ensemble des \u00e9quipements.<\/li>\n\n\n\n<li><strong>Test de s\u00e9curit\u00e9 :<\/strong> Un contr\u00f4le de s\u00e9curit\u00e9 est effectu\u00e9 avant l\u2019ouverture de la loge.<\/li>\n<\/ol>\n\n\n\n<p><\/p>\n\n\n\n<h4 class=\"wp-block-heading\"><strong>Zones de livraison :<\/strong><\/h4>\n\n\n\n<p>Nous desservons toutes les r\u00e9gions de France et nous proposons des services internationaux sur demande. <\/p>\n\n\n\n<p>Nous nous assurons que l&rsquo;installation soit effectu\u00e9e en temps voulu, que ce soit pour un mariage, un tournage ou tout autre \u00e9v\u00e9nement.<\/p>\n\n\n\n<p><\/p>\n","protected":false},"excerpt":{"rendered":"<p>Livraison et Installation de nos Loges Mobiles Nous comprenons qu\u2019une installation rapide et professionnelle est essentielle pour le bon d\u00e9roulement de votre \u00e9v\u00e9nement. C\u2019est pourquoi Location-Loge PROD19 prend en charge l&rsquo;int\u00e9gralit\u00e9 de la livraison et de l&rsquo;installation de nos loges mobiles. Ce que nous offrons : Processus d&rsquo;installation : Zones de livraison : Nous desservons [&hellip;]<\/p>\n","protected":false},"author":1,"featured_media":0,"parent":0,"menu_order":0,"comment_status":"closed","ping_status":"closed","template":"","meta":{"footnotes":""},"class_list":["post-147","page","type-page","status-publish","hentry"],"_links":{"self":[{"href":"https:\/\/location-loge.fr\/blog\/index.php\/wp-json\/wp\/v2\/pages\/147","targetHints":{"allow":["GET"]}}],"collection":[{"href":"https:\/\/location-loge.fr\/blog\/index.php\/wp-json\/wp\/v2\/pages"}],"about":[{"href":"https:\/\/location-loge.fr\/blog\/index.php\/wp-json\/wp\/v2\/types\/page"}],"author":[{"embeddable":true,"href":"https:\/\/location-loge.fr\/blog\/index.php\/wp-json\/wp\/v2\/users\/1"}],"replies":[{"embeddable":true,"href":"https:\/\/location-loge.fr\/blog\/index.php\/wp-json\/wp\/v2\/comments?post=147"}],"version-history":[{"count":1,"href":"https:\/\/location-loge.fr\/blog\/index.php\/wp-json\/wp\/v2\/pages\/147\/revisions"}],"predecessor-version":[{"id":148,"href":"https:\/\/location-loge.fr\/blog\/index.php\/wp-json\/wp\/v2\/pages\/147\/revisions\/148"}],"wp:attachment":[{"href":"https:\/\/location-loge.fr\/blog\/index.php\/wp-json\/wp\/v2\/media?parent=147"}],"curies":[{"name":"wp","href":"https:\/\/api.w.org\/{rel}","templated":true}]}}