{"id":41,"date":"2025-01-03T14:38:30","date_gmt":"2025-01-03T14:38:30","guid":{"rendered":"https:\/\/location-loge.fr\/blog\/?page_id=41"},"modified":"2026-01-04T15:56:39","modified_gmt":"2026-01-04T15:56:39","slug":"https-location-loge-fr-blog-mariages-et-receptions","status":"publish","type":"page","link":"https:\/\/location-loge.fr\/blog\/index.php\/https-location-loge-fr-blog-mariages-et-receptions\/","title":{"rendered":"Mariages et R\u00e9ceptions"},"content":{"rendered":"\n<h2 class=\"wp-block-heading\">Loges Mobiles de Luxe pour Mariages et R\u00e9ceptions<\/h2>\n\n\n\n<h4 class=\"wp-block-heading\"><strong>Transformez votre mariage en une exp\u00e9rience inoubliable avec nos loges mobiles modernes<\/strong><\/h4>\n\n\n\n<p>Nos <strong>loges mobiles de luxe<\/strong> sont l&rsquo;option id\u00e9ale pour les mariages et r\u00e9ceptions modernes. Que vous c\u00e9l\u00e9briez en ext\u00e9rieur, dans un domaine priv\u00e9 ou dans un cadre plus intimiste, nos loges mobiles de luxe offrent \u00e0 vos invit\u00e9s un confort in\u00e9gal\u00e9 et un espace \u00e9l\u00e9gant, parfait pour ajouter une touche d&rsquo;exclusivit\u00e9 \u00e0 votre \u00e9v\u00e9nement.<\/p>\n\n\n\n<hr class=\"wp-block-separator has-alpha-channel-opacity\"\/>\n\n\n\n<h3 class=\"wp-block-heading\"><strong>Loges pour les Mari\u00e9s : L&rsquo;\u00e9l\u00e9gance et la tranquillit\u00e9 avant le grand jour<\/strong><\/h3>\n\n\n\n<p>Le jour de votre mariage est un moment unique. Nous savons \u00e0 quel point il est important de se pr\u00e9parer dans un cadre calme et raffin\u00e9. Nos <strong>loges pour les mari\u00e9s<\/strong> sont con\u00e7ues pour offrir un espace intime et serein, tout en mettant en valeur le confort et l&rsquo;\u00e9l\u00e9gance.<\/p>\n\n\n\n<ul class=\"wp-block-list\">\n<li><strong>Confort sur mesure<\/strong> : Chaque loge est \u00e9quip\u00e9e de mobilier haut de gamme et d&rsquo;une d\u00e9coration personnalis\u00e9e pour s\u2019adapter \u00e0 vos go\u00fbts et \u00e0 votre th\u00e8me.<\/li>\n\n\n\n<li><strong>Ambiance apaisante<\/strong> : Cr\u00e9ez l&rsquo;atmosph\u00e8re id\u00e9ale pour vous d\u00e9tendre avant le grand jour, avec des \u00e9quipements modernes comme la climatisation, un acc\u00e8s Wi-Fi et plus encore.<\/li>\n\n\n\n<li><strong>D\u00e9coration sur mesure<\/strong> : Personnalisez la d\u00e9coration int\u00e9rieure pour correspondre \u00e0 l&rsquo;ambiance de votre mariage, avec des fleurs, des tissus et des couleurs de votre choix.<\/li>\n<\/ul>\n\n\n\n<hr class=\"wp-block-separator has-alpha-channel-opacity\"\/>\n\n\n\n<figure class=\"wp-block-image size-large\"><img loading=\"lazy\" decoding=\"async\" width=\"1024\" height=\"683\" src=\"https:\/\/location-loge.fr\/blog\/wp-content\/uploads\/2026\/01\/photo-mariage-location-loge-1024x683.png\" alt=\"\" class=\"wp-image-227\" srcset=\"https:\/\/location-loge.fr\/blog\/wp-content\/uploads\/2026\/01\/photo-mariage-location-loge-1024x683.png 1024w, https:\/\/location-loge.fr\/blog\/wp-content\/uploads\/2026\/01\/photo-mariage-location-loge-300x200.png 300w, https:\/\/location-loge.fr\/blog\/wp-content\/uploads\/2026\/01\/photo-mariage-location-loge-768x512.png 768w, https:\/\/location-loge.fr\/blog\/wp-content\/uploads\/2026\/01\/photo-mariage-location-loge.png 1536w\" sizes=\"auto, (max-width: 1024px) 100vw, 1024px\" \/><\/figure>\n\n\n\n<h3 class=\"wp-block-heading\"><strong>Loges VIP pour vos invit\u00e9s sp\u00e9ciaux<\/strong><\/h3>\n\n\n\n<p>Offrez \u00e0 vos invit\u00e9s VIP un confort exceptionnel dans nos <strong>loges VIP mobiles<\/strong>. Ces loges sont sp\u00e9cialement con\u00e7ues pour garantir l&rsquo;intimit\u00e9 et le luxe, cr\u00e9ant ainsi un espace priv\u00e9 o\u00f9 vos invit\u00e9s peuvent se d\u00e9tendre et profiter pleinement de la c\u00e9l\u00e9bration.<\/p>\n\n\n\n<ul class=\"wp-block-list\">\n<li><strong>Intimit\u00e9 et confort<\/strong> : Des espaces priv\u00e9s et raffin\u00e9s, adapt\u00e9s pour vos proches, amis ou invit\u00e9s sp\u00e9ciaux.<\/li>\n\n\n\n<li><strong>Services premium<\/strong> : Une atmosph\u00e8re de luxe avec des \u00e9quipements de qualit\u00e9, id\u00e9ale pour les invit\u00e9s qui souhaitent un moment de calme loin de l&rsquo;agitation.<\/li>\n\n\n\n<li><strong>Configuration flexible<\/strong> : Adaptez la taille de la loge en fonction du nombre de vos invit\u00e9s VIP et de vos besoins sp\u00e9cifiques.<\/li>\n<\/ul>\n\n\n\n<hr class=\"wp-block-separator has-alpha-channel-opacity\"\/>\n\n\n\n<h3 class=\"wp-block-heading\"><strong>Loges pour les Enfants : Un espace fun et s\u00e9curis\u00e9<\/strong><\/h3>\n\n\n\n<p>Pour les plus jeunes, nos <strong>loges pour enfants<\/strong> offrent un espace s\u00e9curis\u00e9 et amusant o\u00f9 ils peuvent jouer, se d\u00e9tendre et s\u2019amuser pendant l&rsquo;\u00e9v\u00e9nement. Ces loges sont parfaites pour permettre aux parents de profiter de la soir\u00e9e tout en sachant leurs enfants en s\u00e9curit\u00e9 et bien occup\u00e9s.<\/p>\n\n\n\n<ul class=\"wp-block-list\">\n<li><strong>Espace ludique<\/strong> : Des jeux et des animations adapt\u00e9s pour divertir les enfants tout au long de l&rsquo;\u00e9v\u00e9nement.<\/li>\n\n\n\n<li><strong>Confort et s\u00e9curit\u00e9<\/strong> : Un environnement s\u00fbr et agr\u00e9able pour que les enfants puissent se d\u00e9tendre et s&rsquo;amuser.<\/li>\n<\/ul>\n\n\n\n<hr class=\"wp-block-separator has-alpha-channel-opacity\"\/>\n\n\n\n<h3 class=\"wp-block-heading\"><strong>Services Compl\u00e9mentaires pour Parfaire votre Mariage<\/strong><\/h3>\n\n\n\n<p>En plus de nos <strong>loges mobiles de luxe<\/strong>, nous offrons une gamme de services compl\u00e9mentaires pour faire de votre mariage un \u00e9v\u00e9nement inoubliable :<\/p>\n\n\n\n<ul class=\"wp-block-list\">\n<li><strong>D\u00e9coration personnalis\u00e9e<\/strong> : Choisissez une d\u00e9coration qui correspond \u00e0 votre th\u00e8me et personnalisez chaque loge selon vos envies.<\/li>\n\n\n\n<li><strong>\u00c9clairage et musique<\/strong> : Cr\u00e9ez l&rsquo;ambiance parfaite avec des \u00e9clairages LED personnalisables et des syst\u00e8mes audio haut de gamme.<\/li>\n\n\n\n<li><strong>Assistance sur place<\/strong> : Notre \u00e9quipe d\u00e9di\u00e9e est l\u00e0 pour vous assister tout au long de l&rsquo;\u00e9v\u00e9nement et s&rsquo;assurer que tout se d\u00e9roule sans accroc.<\/li>\n<\/ul>\n\n\n\n<hr class=\"wp-block-separator has-alpha-channel-opacity\"\/>\n\n\n\n<h3 class=\"wp-block-heading\"><strong>Galerie de Nos Loges Mobiles<\/strong><\/h3>\n\n\n\n<p>D\u00e9couvrez nos <strong>loges mobiles<\/strong> en action ! Voici quelques photos de nos installations lors de <strong>mariages et r\u00e9ceptions<\/strong> pass\u00e9s. Laissez-vous inspirer par l&rsquo;\u00e9l\u00e9gance et la sophistication de nos services.<\/p>\n\n\n\n<ul class=\"wp-block-list\">\n<li><\/li>\n<\/ul>\n\n\n\n<hr class=\"wp-block-separator has-alpha-channel-opacity\"\/>\n\n\n\n<h3 class=\"wp-block-heading\"><strong>T\u00e9moignages de Nos Clients<\/strong><\/h3>\n\n\n\n<p><em>\u00ab\u00a0Les loges mobiles ont vraiment ajout\u00e9 une touche de luxe \u00e0 notre mariage. Nous avons pu nous pr\u00e9parer en toute tranquillit\u00e9 et nos invit\u00e9s ont ador\u00e9 leur loge VIP.\u00a0\u00bb &#8211; Claire et Marc<\/em><\/p>\n\n\n\n<p><em>\u00ab\u00a0Un service impeccable, nos invit\u00e9s se sont sentis comme des VIP gr\u00e2ce \u00e0 la loge mobile. Un grand merci \u00e0 toute l&rsquo;\u00e9quipe !\u00a0\u00bb &#8211; Sophie et Antoine<\/em><\/p>\n\n\n\n<hr class=\"wp-block-separator has-alpha-channel-opacity\"\/>\n\n\n\n<h3 class=\"wp-block-heading\"><strong>R\u00e9servez votre Loge Mobile pour Votre Mariage<\/strong><\/h3>\n\n\n\n<p>Pr\u00eat \u00e0 rendre votre mariage inoubliable ? R\u00e9servez votre <strong>loges mobiles de luxe<\/strong> d\u00e8s aujourd&rsquo;hui et offrez \u00e0 vos invit\u00e9s une exp\u00e9rience unique. Nos loges sont flexibles et peuvent \u00eatre adapt\u00e9es \u00e0 vos besoins, pour garantir un confort optimal \u00e0 tous vos invit\u00e9s.<\/p>\n\n\n\n<ul class=\"wp-block-list\">\n<li><a href=\"https:\/\/www.location-loge.fr\/contact.html\" data-type=\"link\" data-id=\"https:\/\/www.location-loge.fr\/contact.html\">https:\/\/www.location-loge.fr\/contact.html<\/a><\/li>\n<\/ul>\n\n\n\n<p><\/p>\n","protected":false},"excerpt":{"rendered":"<p>Loges Mobiles de Luxe pour Mariages et R\u00e9ceptions Transformez votre mariage en une exp\u00e9rience inoubliable avec nos loges mobiles modernes Nos loges mobiles de luxe sont l&rsquo;option id\u00e9ale pour les mariages et r\u00e9ceptions modernes. Que vous c\u00e9l\u00e9briez en ext\u00e9rieur, dans un domaine priv\u00e9 ou dans un cadre plus intimiste, nos loges mobiles de luxe offrent [&hellip;]<\/p>\n","protected":false},"author":1,"featured_media":0,"parent":0,"menu_order":0,"comment_status":"closed","ping_status":"closed","template":"","meta":{"footnotes":""},"class_list":["post-41","page","type-page","status-publish","hentry"],"_links":{"self":[{"href":"https:\/\/location-loge.fr\/blog\/index.php\/wp-json\/wp\/v2\/pages\/41","targetHints":{"allow":["GET"]}}],"collection":[{"href":"https:\/\/location-loge.fr\/blog\/index.php\/wp-json\/wp\/v2\/pages"}],"about":[{"href":"https:\/\/location-loge.fr\/blog\/index.php\/wp-json\/wp\/v2\/types\/page"}],"author":[{"embeddable":true,"href":"https:\/\/location-loge.fr\/blog\/index.php\/wp-json\/wp\/v2\/users\/1"}],"replies":[{"embeddable":true,"href":"https:\/\/location-loge.fr\/blog\/index.php\/wp-json\/wp\/v2\/comments?post=41"}],"version-history":[{"count":11,"href":"https:\/\/location-loge.fr\/blog\/index.php\/wp-json\/wp\/v2\/pages\/41\/revisions"}],"predecessor-version":[{"id":228,"href":"https:\/\/location-loge.fr\/blog\/index.php\/wp-json\/wp\/v2\/pages\/41\/revisions\/228"}],"wp:attachment":[{"href":"https:\/\/location-loge.fr\/blog\/index.php\/wp-json\/wp\/v2\/media?parent=41"}],"curies":[{"name":"wp","href":"https:\/\/api.w.org\/{rel}","templated":true}]}}